 + 4020118. Give s(-2).
-2
Let n(w) = -2218*w + 95455. What is n(43)?
81
Let k(m) = -m**3 + 14*m**2 + 123*m - 1464. Give k(16).
-8
Let m(g) = 1176*g + 2331. Give m(-2).
-21
Let a(k) = 242*k - 69959. Calculate a(295).
1431
Let c(z) = -775*z + 20880. What is c(25)?
1505
Let m(z) = 219992*z + 879969. Determine m(-4).
1
Let u(g) = g**3 - 91*g**2 + 342*g + 551. What is u(87)?
29
Let d(h) = 447*h + 50133. Determine d(-114).
-825
Let f(b) = b**2 + 38*b - 2311. Determine f(-70).
-71
Let m(y) = -60*y**2 + 1920*y + 77. What is m(32)?
77
Let s(q) = -860*q + 5238. Give s(8).
-1642
Let g(t) = 401686*t - 2008417. Determine g(5).
13
Let c(w) = 268*w**3 - 1344*w**2 - 8*w + 13. Calculate c(5).
-127
Let j(h) = 773*h - 777. Determine j(2).
769
Let k(m) = -170*m**3 - 61204*m**2 - 1441*m - 364. What is k(-360)?
-4
Let m(r) = 21*r**2 + 7422*r + 29694. What is m(-4)?
342
Let c(s) = s**3 - 322*s**2 - 273*s - 16129. What is c(323)?
21
Let t(o) = 444*o + 62674. Determine t(-144).
-1262
Let t(a) = 4*a**2 + 358*a - 128. Determine t(-91).
418
Let p(b) = b**2 + 242*b + 8498. Calculate p(-218).
3266
Let h(m) = 50*m - 17374. What is h(354)?
326
Let g(o) = -o**2 - 3612*o - 21709. Give g(-6).
-73
Let x(p) = -7658*p - 183870. Determine x(-24).
-78
Let j(k) = 338*k + 33075. Determine j(-105).
-2415
Let l(a) = 3*a**3 + 274*a**2 + 348*a - 1066. Give l(-90).
14
Let l(j) = -351*j**2 + 5536*j + 80. Calculate l(16).
-1200
Let l(m) = 34*m**2 + 1091*m + 1999. Determine l(-30).
-131
Let q(i) = -1008*i + 38280. What is q(38)?
-24
Let q(k) = 4184*k + 20915. Determine q(-5).
-5
Let m(y) = 7*y**3 + 319*y**2 + 179*y + 103. What is m(-45)?
148
Let j(a) = -22*a**2 + 22*a + 3196. What is j(0)?
3196
Let b(k) = -1031*k**2 + 189*k + 4. What is b(0)?
4
Let p(t) = 173*t + 13019. Determine p(-90).
-2551
Let z(h) = -h**2 - 1108*h - 90600. What is z(-89)?
91
Let n(s) = -45*s**2 - 208*s + 69. Calculate n(-5).
-16
Let q(u) = -2*u**3 + 364*u**2 + 786*u - 207791. Calculate q(181).
-3
Let w(j) = -25028*j + 1902124. Calculate w(76).
-4
Let o(r) = -27347*r + 27342. Determine o(1).
-5
Let w(n) = 20*n**2 - 1392*n + 9430. Determine w(62).
6
Let r(u) = 8*u**2 - 3671*u + 18321. Calculate r(5).
166
Let b(d) = -d**3 + 63*d**2 + d + 3976. What is b(64)?
-56
Let b(d) = -d**3 - 339*d**2 - 1673*d - 813. What is b(-334)?
189
Let x(f) = f**3 + 252*f**2 + 781*f + 8450. Give x(-249).
-16
Let p(o) = -494*o - 213960. What is p(-433)?
-58
Let r(i) = 3*i**2 - 1960*i + 256477. What is r(181)?
0
Let f(m) = 5*m**3 - 8*m**2 - 180*m - 18. What is f(-7)?
-865
Let r(w) = 378*w + 43819. Calculate r(-116).
-29
Let u(n) = -4991*n - 49893. Calculate u(-10).
17
Let h(o) = -o**2 + 68738*o + 5643201. Give h(-82).
-39
Let g(w) = w**2 - 6*w - 1461. Give g(-34).
-101
Let i(o) = o**2 - 22851*o + 1640086. Determine i(72).
-2
Let o(q) = -q**3 - 54*q**2 - 713*q + 209. What is o(-24)?
41
Let z(h) = -35*h**2 - 3681*h - 92. Determine z(-104).
4172
Let c(u) = -17*u**2 + 106*u - 656. Determine c(7).
-747
Let m(o) = -1330*o - 663754. Determine m(-499).
-84
Let i(p) = p**3 - 25*p**2 + 129*p - 3248. What is i(25)?
-23
Let s(g) = -4*g**3 - 18*g**2 + 7989*g - 55. What is s(-47)?
-8
Let v(q) = -4218*q + 37966. Determine v(9).
4
Let f(g) = g**3 - 9*g**2 + 11*g + 104. Give f(-8).
-1072
Let u(n) = 3585*n - 1276270. Determine u(356).
-10
Let f(y) = 185*y + 1415. What is f(-11)?
-620
Let o(v) = 37*v**2 + 8140*v + 32582. What is o(-4)?
614
Let z(l) = -l**3 - 61*l**2 + 33605*l + 1989653. Calculate z(-59).
-4
Let o(b) = -45*b**2 - 28*b + 28. Determine o(1).
-45
Let u(o) = -2*o**2 + 23*o + 401. Give u(33).
-1018
Let r(x) = -x**3 - 497*x**2 + 5078*x + 6. What is r(10)?
86
Let a(v) = -v**2 - 2631*v + 104118. What is a(39)?
-12
Let o(a) = 2773*a + 3552. Determine o(-1).
779
Let r(g) = g**3 + 202*g**2 + 1127*g - 2. What is r(-6)?
292
Let y(d) = -258*d + 4163. Give y(21).
-1255
Let i(n) = 64*n - 3521. What is i(47)?
-513
Let f(g) = 37587*g + 263019. Calculate f(-7).
-90
Let r(a) = -666*a**3 - 2*a**2 - 31*a - 29. Determine r(-1).
666
Let g(k) = -k**3 + 31*k**2 + 881*k - 26883. What is g(33)?
12
Let l(f) = f**3 + 271*f**2 + 786*f - 4805. What is l(-268)?
19
Let c(p) = 42*p**2 - 1465*p - 220. Calculate c(35).
-45
Let f(l) = -274*l + 27894. Give f(105).
-876
Let t(y) = 2*y**3 + 16*y**2 - 261*y + 41. Calculate t(10).
1031
Let v(x) = -x**3 - 78*x**2 - 138*x + 6297. Calculate v(-75).
-228
Let m(s) = 2156*s - 146980. Give m(68).
-372
Let a(b) = b**3 + 34*b**2 - 42*b + 315. Calculate a(-34).
1743
Let k(o) = -2*o**2 + 71*o + 144. Calculate k(44).
-604
Let h(q) = 8*q**2 + 287*q - 3070. Calculate h(-46).
656
Let z(f) = 2*f**3 + 203*f**2 - 285*f + 126. What is z(-103)?
-2346
Let t(z) = 272435*z - 2996900. Give t(11).
-115
Let i(b) = -b**2 + 227*b + 3663. What is i(-15)?
33
Let l(c) = -232*c**2 + 15745*c + 2076. Calculate l(68).
-32
Let h(p) = 2*p**2 + 531*p + 33003. Give h(-95).
608
Let z(l) = -l**3 - 1130*l**2 + 1161*l + 33927. Calculate z(-1131).
-3
Let x(w) = 20569*w + 843324. Give x(-41).
-5
Let u(w) = -4187*w**2 + 21159*w - 1117. Give u(5).
3
Let p(u) = -14686*u + 176240. Calculate p(12).
8
Let g(s) = -s**3 - 187*s**2 - 1082*s + 27. What is g(-181)?
-697
Let o(l) = -484*l**2 - 165*l - 252. What is o(-2)?
-1858
Let a(i) = -i**2 - 26347*i + 131761. Give a(5).
1
Let s(a) = 25872*a - 77595. Determine s(3).
21
Let l(b) = 42*b**2 + 70*b - 326. What is l(-4)?
66
Let m(r) = -2*r**3 - 23*r**2 + 8*r + 66. Determine m(0).
66
Let b(l) = -395*l - 8684. What is b(-22)?
6
Let f(i) = 11*i**2 + 251*i + 596. Give f(-20).
-24
Let j(q) = -q**3 - 119*q**2 - 23*q - 2828. Give j(-119).
-91
Let s(m) = 980*m**2 + 12742*m + 9. Calculate s(-13).
-17
Let v(w) = w**3 + 4*w**2 + 193*w + 957. Determine v(-5).
-33
Let c(j) = 2*j**3 - 47*j**2 + 157*j + 42. Calculate c(22).
2044
Let h(b) = -663*b**2 + 1301*b - 1. Calculate h(2).
-51
Let w(f) = 6*f**3 + 59*f**2 - 78*f - 131. Determine w(-10).
549
Let v(p) = 2019*p + 916616. Determine v(-454).
-10
Let q(z) = -7*z**2 + 254*z - 105. Determine q(36).
-33
Let r(t) = -385*t + 77471. What is r(204)?
-1069
Let q(v) = 2971*v + 751654. Give q(-253).
-9
Let l(v) = v**3 + 69*v**2 + 92*v + 1382. Give l(-69).
-4966
Let w(q) = -8*q**2 - 113*q - 680. What is w(-8)?
-288
Let o(i) = -i**3 + 18*i**2 + 89*i - 1045. Determine o(16).
891
Let h(s) = 44*s**2 - 591*s + 3552. Give h(6).
1590
Let q(f) = -f**2 - 122*f + 2076. What is q(16)?
-132
Let h(s) = -s**2 - 131*s - 2176. What is h(-12)?
-748
Let g(x) = 19*x**2 + 1046*x + 871. Give g(-54).
-209
Let l(y) = y**3 + 84*y**2 - 660*y - 61710. What is l(-83)?
-41
Let n(o) = -25968*o - 986784. Calculate n(-38).
0
Let s(k) = 6*k**3 + 14*k**2 + 352*k + 339. Give s(-1).
-5
Let x(j) = 6280*j + 715995. What is x(-114)?
75
Let s(d) = -2*d**2 + 271*d + 62488. Give s(257).
37
Let a(f) = -61383*f - 7979799. Determine a(-130).
-9
Let o(h) = -3554*h - 2747241. Give o(-773).
1
Let m(a) = -5*a**3 + 232*a**2 - 66*a - 1192. Determine m(46).
4
Let z(u) = u**3 - 198*u**2 - 2309*u - 39. Determine z(-11).
71
Let i(b) = -25*b**2 - 860*b - 8124. Give i(-19).
-809
Let b(z) = 7371*z + 191675. Determine b(-26).
29
Let o(i) = -50*i + 3353. Calculate o(50).
853
Let t(i) = -50*i + 527. Determine t(4).
327
Let v(t) = -2*t**3 + 69*t**2 - 375*t - 3162. Determine v(15).
-12
Let o(t) = -t**2 + 1274*t - 11309. Determine o(9).
76
Let d(k) = 20*k + 1257. Calculate d(-65).
-43
Let g(o) = 1778*o**2 + 817*o + 818. What is g(-1)?
1779
Let h(v) = -v**3 + 49*v**2 - 626*v + 9206. Give h(39).
2
Let z(q) = -1780*q + 120994. Determine z(68).
-46
Let t(l) = 11*l**2 + 844*l + 654. What is t(-76)?
46
Let d(k) = -k**3 - 25*k**2 + 537*k + 2. Calculate d(-39).
353
Let b(o) = -2660*o - 87779. Calculate b(-33).
1
Let r(k) = -2*k**3 - 19*k**2 + 28*k + 70. Give r(4).
-250
Let b(s) = 2*s**3 - 39*s**2 - 402*s + 62. What is b(27)?
143
Let b(h) = -96*h**2 - 1555*h - 4687. Determine b(-4).
-3
Let m(q) = 762*q**2 + 912*q + 78. Give m(-1).
-72
Let v(h) = -7914*h + 2049707. Give v(259).
-19
Let h(s) = s**2 - 22973*s + 160777. Determine h(7).
15
Let d(s) = -45*s - 1995. What is d(-68)?
1065
Let c(l) = -181*l + 5711. What is c(21)?
1910
Let m(s) = 4*s**2 + 588*s - 740. Give m(-142).
-3580
Let f(p) = -p**3 - 4*p**2 + 741*p + 401. Determine f(-29).
-63
Let g(j) = -10436*j - 323471. Determine g(-31).
45
Let